ate the remainder when 16158 is divided by 894.
66
Calculate the remainder when 57469 is divided by 47.
35
What is the remainder when 4769 is divided by 7?
2
What is the remainder when 652794 is divided by 21?
9
What is the remainder when 1356638 is divided by 37?
33
Calculate the remainder when 2813154 is divided by 274.
270
What is the remainder when 17516 is divided by 254?
244
What is the remainder when 19768 is divided by 29?
19
Calculate the remainder when 411 is divided by 135.
6
What is the remainder when 29160 is divided by 30?
0
What is the remainder when 6207 is divided by 484?
399
What is the remainder when 308942 is divided by 49?
46
What is the remainder when 45629 is divided by 117?
116
Calculate the remainder when 375581 is divided by 44.
41
Calculate the remainder when 150677 is divided by 83.
32
What is the remainder when 8043 is divided by 9?
6
Calculate the remainder when 64530 is divided by 34.
32
Calculate the remainder when 4441895 is divided by 684.
683
Calculate the remainder when 287460 is divided by 22.
8
What is the remainder when 1761 is divided by 350?
11
Calculate the remainder when 74138 is divided by 764.
30
What is the remainder when 10811 is divided by 111?
44
Calculate the remainder when 34796 is divided by 34791.
5
Calculate the remainder when 5772 is divided by 105.
102
What is the remainder when 2149701 is divided by 2314?
2309
Calculate the remainder when 401799 is divided by 280.
279
Calculate the remainder when 15029 is divided by 188.
177
Calculate the remainder when 102004 is divided by 12.
4
Calculate the remainder when 383846 is divided by 3427.
22
Calculate the remainder when 3483 is divided by 1718.
47
What is the remainder when 253239 is divided by 1849?
1775
Calculate the remainder when 41805 is divided by 162.
9
What is the remainder when 234592 is divided by 13797?
43
Calculate the remainder when 3375 is divided by 188.
179
Calculate the remainder when 3887 is divided by 1934.
19
What is the remainder when 80354 is divided by 3?
2
What is the remainder when 29320 is divided by 27?
25
Calculate the remainder when 211924 is divided by 39.
37
What is the remainder when 6398 is divided by 461?
405
What is the remainder when 47440 is divided by 18?
10
What is the remainder when 15386 is divided by 1592?
1058
What is the remainder when 362592 is divided by 23?
20
Calculate the remainder when 105916 is divided by 17650.
16
What is the remainder when 188911 is divided by 1389?
7
Calculate the remainder when 1889 is divided by 383.
357
What is the remainder when 335778 is divided by 206?
204
Calculate the remainder when 28577 is divided by 21.
17
Calculate the remainder when 6200 is divided by 2992.
216
What is the remainder when 263 is divided by 102?
59
What is the remainder when 15445 is divided by 3078?
55
Calculate the remainder when 15622 is divided by 2230.
12
What is the remainder when 32548 is divided by 224?
68
Calculate the remainder when 358729 is divided by 36.
25
Calculate the remainder when 5707 is divided by 256.
75
Calculate the remainder when 1397 is divided by 130.
97
Calculate the remainder when 3154977 is divided by 60.
57
Calculate the remainder when 6780 is divided by 118.
54
Calculate the remainder when 17165 is divided by 101.
96
Calculate the remainder when 1386918 is divided by 3.
0
Calculate the remainder when 3237 is divided by 807.
9
Calculate the remainder when 17441 is divided by 194.
175
Calculate the remainder when 2419 is divided by 285.
139
Calculate the remainder when 125562 is divided by 3593.
3400
What is the remainder when 1988 is divided by 632?
92
What is the remainder when 599 is divided by 4?
3
What is the remainder when 1501829 is divided by 454?
451
Calculate the remainder when 22483 is divided by 661.
9
What is the remainder when 3800 is divided by 757?
15
Calculate the remainder when 26550 is divided by 13217.
116
What is the remainder when 105029 is divided by 85?
54
What is the remainder when 24926 is divided by 638?
44
What is the remainder when 8078 is divided by 101?
99
Calculate the remainder when 6657 is divided by 171.
159
Calculate the remainder when 9104 is divided by 381.
341
Calculate the remainder when 253224 is divided by 175.
174
Calculate the remainder when 14908 is divided by 533.
517
What is the remainder when 11282 is divided by 2761?
238
What is the remainder when 2850 is divided by 51?
45
Calculate the remainder when 12376 is divided by 4122.
10
What is the remainder when 116445 is divided by 170?
165
What is the remainder when 7159 is divided by 76?
15
What is the remainder when 6144 is divided by 766?
16
What is the remainder when 319 is divided by 22?
11
What is the remainder when 5857213 is divided by 13?
11
What is the remainder when 131654 is divided by 43884?
2
Calculate the remainder when 44784 is divided by 280.
264
Calculate the remainder when 3637 is divided by 13.
10
What is the remainder when 55869 is divided by 195?
99
Calculate the remainder when 4815 is divided by 1599.
18
What is the remainder when 2272 is divided by 866?
540
Calculate the remainder when 641446 is divided by 453.
451
What is the remainder when 58467 is divided by 59?
57
Calculate the remainder when 206752 is divided by 19.
13
What is the remainder when 1222 is divided by 578?
66
Calculate the remainder when 32391 is divided by 356.
351
Calculate the remainder when 3157 is divided by 1142.
873
What is the remainder when 266936 is divided by 20?
16
Calculate the remainder when 419 is divided by 21.
20
Calculate the remainder when 2093 is divided by 328.
125
What is the remainder when 89685 is divided by 760?
5
Calculate the remainder when 206 is divided by 33.
8
Calculate the remainder when 16938 is divided by 14.
12
Calculate the remainder when 13159 is divided by 731.
1
Calculate the remainder when 309393 is divided by 37.
36
Calculate the remainder when 2204564 is divided by 155.
154
What is the remainder when 12942 is divided by 412?
170
What is the remainder when 1107765 is divided by 1212?
1209
Calculate the remainder when 1536 is divided by 947.
589
What is the remainder when 79423 is divided by 15883?
8
Calculate the remainder when 9933 is divided by 8.
5
Calculate the remainder when 92149 is divided by 36.
25
What is the remainder when 1270198 is divided by 200?
198
What is the remainder when 6394 is divided by 119?
87
Calculate the remainder when 12453 is divided by 19.
8
Calculate the remainder when 228644 is divided by 15.
14
Calculate the remainder when 780 is divided by 14.
10
Calculate the remainder when 111115 is divided by 60.
55
What is the remainder when 1441 is divided by 276?
61
What is the remainder when 1893 is divided by 973?
920
Calculate the remainder when 13018 is divided by 29.
26
What is the remainder when 485 is divided by 105?
65
Calculate the remainder when 9040 is divided by 2251.
36
Calculate the remainder when 111162 is divided by 12344.
66
Calculate the remainder when 6815 is divided by 342.
317
Calculate the remainder when 53681 is divided by 1278.
5
Calculate the remainder when 7342 is divided by 231.
181
What is the remainder when 6088 is divided by 141?
25
What is the remainder when 973277 is divided by 790?
787
Calculate the remainder when 3698 is divided by 39.
32
Calculate the remainder when 238131 is divided by 3.
0
Calculate the remainder when 38913 is divided by 141.
138
What is the remainder when 25285 is divided by 92?
77
Calculate the remainder when 764729 is divided by 58.
57
Calculate the remainder when 29968 is divided by 30.
28
What is the remainder when 227127 is divided by 712?
711
Calculate the remainder when 4336 is divided by 227.
23
Calculate the remainder when 77908 is divided by 34.
14
Calculate the remainder when 8904 is divided by 1780.
4
What is the remainder when 52970 is divided by 14?
8
What is the remainder when 608 is divided by 435?
173
Calculate the remainder when 27036 is divided by 8757.
765
What is the remainder when 5236 is divided by 5232?
4
What is the remainder when 66184 is divided by 56?
48
Calculate the remainder when 786 is divided by 96.
18
Calculate the remainder when 556443 is divided by 84.
27
What is the remainder when 5945 is divided by 819?
212
What is the rem